t t(n) = -3*n + 7. Give t(7).
-14
Let v(b) = -2*b**2 + 99*b - 147. Give v(48).
-3
Let y(u) = 9*u - 86. What is y(8)?
-14
Let b(n) = n**2 + 14*n + 41. Give b(-13).
28
Let d(y) = -y**3 + 2*y**2 + 4*y - 7. Determine d(0).
-7
Let j(d) = d**3 - 5*d**2 + 4*d. Give j(3).
-6
Let p(c) = c**3 - 7*c**2 - 7. Give p(7).
-7
Let z(d) = -16*d**2 + 2*d + 1. Determine z(-1).
-17
Let y(b) = b**3 - 17*b**2 + 20*b - 10. Determine y(16).
54
Let p(h) = 14*h - 83. What is p(5)?
-13
Let o(z) = -4*z**2 + 47*z + 5. Calculate o(12).
-7
Let k(w) = -w**2 - 8*w - 8. Determine k(-6).
4
Let x(w) = -w**3 + 13*w**2 - 20*w - 11. Give x(11).
11
Let f(m) = m**3 - 8*m**2 - 6*m - 21. What is f(9)?
6
Let d(v) = -v - 11. What is d(-13)?
2
Let r(g) = g**3 + 50*g**2 + 42*g - 345. Calculate r(-49).
-2
Let y(w) = -w**2 + 2*w + 27. Calculate y(-4).
3
Let x(t) = 13*t**2 + 76*t - 12. Calculate x(-6).
0
Let j(m) = -m**2 - 32*m + 8. Give j(-32).
8
Let i(m) = 3*m - 8. What is i(7)?
13
Let f(c) = -2*c + 6. Determine f(0).
6
Let a(u) = -u**3 + 8*u**2 + 7*u - 10. What is a(4)?
82
Let w(i) = i**3 + i**2 - 2*i - 5. Give w(3).
25
Let h(c) = -2*c**3 - 6*c**2 - 3*c + 9. Calculate h(-4).
53
Let r(c) = -17*c + 3. What is r(1)?
-14
Let t(r) = r**3 + 8*r**2 + 11*r + 8. Calculate t(-6).
14
Let o(q) = -q**2 + 13*q - 20. What is o(11)?
2
Let v(x) = -10*x. Calculate v(3).
-30
Let m(n) = n**3 - 26*n**2 - 30*n + 32. What is m(27)?
-49
Let g(c) = -3*c - 10. Calculate g(-8).
14
Let z(o) = o**2 + o + 18. Calculate z(6).
60
Let q(y) = -y**3 - 8*y**2 - 6*y - 7. Determine q(-6).
-43
Let v(g) = -3*g**3 - 6*g**2 - g - 7. Calculate v(-4).
93
Let w(q) = -2*q**3 + 5*q**2 - 2*q - 11. Give w(4).
-67
Let q(o) = -40*o + 4. What is q(2)?
-76
Let g(h) = 3*h - 37. What is g(19)?
20
Let r(g) = -7*g**2 + 2*g. What is r(2)?
-24
Let w(p) = 2*p**3 - 7*p**2 + 4. Calculate w(4).
20
Let c(i) = i**3 + 14*i**2 + 15*i + 7. Calculate c(-13).
-19
Let w(t) = -t**2 - 17*t + 239. Give w(-26).
5
Let g(k) = k + 18. Determine g(9).
27
Let t(u) = -3*u - 85. Determine t(-36).
23
Let t(q) = -8*q + 31. Calculate t(4).
-1
Let x(k) = -2*k**2 + 2*k - 6. What is x(6)?
-66
Let s(c) = -c**3 + 11*c**2. Calculate s(11).
0
Let f(t) = 3*t**3 + t**2 - 8*t - 8. Calculate f(-1).
-2
Let t(q) = 4*q - 8. Give t(1).
-4
Let i(a) = -a**2 + a + 11. Calculate i(8).
-45
Let n(s) = s - 41. Give n(13).
-28
Let s(a) = a**2 - 4*a - 2. Give s(5).
3
Let b(o) = -3*o + 15. Calculate b(7).
-6
Let d(j) = -94*j**3 - j**2 + j. Give d(1).
-94
Let i(b) = 10*b - 187. Determine i(18).
-7
Let h(v) = v**2 + 12*v - 35. Give h(-15).
10
Let q(l) = 2*l**3 - 3*l**2 + 6*l - 11. Determine q(2).
5
Let o(k) = -2*k**3 - 5*k**2 + k - 2. Give o(-3).
4
Let v(w) = -w**3 - 19*w**2 - 18*w - 21. Give v(-18).
-21
Let q(v) = -v + 9. Determine q(3).
6
Let u(c) = 33*c - 494. Calculate u(15).
1
Let t(n) = -11*n + 80. What is t(9)?
-19
Let s(d) = -d**3 - 6*d**2 - d + 11. What is s(-7)?
67
Let m(k) = k**2 - 32*k + 33. Give m(31).
2
Let n(k) = -89*k + 283. Give n(3).
16
Let g(r) = r**3 - 3*r**2 - 2*r + 3. Determine g(3).
-3
Let t(n) = -7*n**2 - 35*n - 8. What is t(-5)?
-8
Let x(h) = -h**3 + 6*h**2 - 9. Give x(6).
-9
Let d(n) = -n**3 - 4*n**2 - 4*n - 13. Give d(-4).
3
Let z(n) = -6*n**2 + 7*n - 5. What is z(2)?
-15
Let t(r) = r**2 - 21*r + 20. Determine t(19).
-18
Let j(m) = 23*m - 555. Calculate j(24).
-3
Let l(m) = -22*m. Calculate l(2).
-44
Let k(r) = -94*r + 186. What is k(2)?
-2
Let f(g) = -g**2 - 20*g - 90. What is f(-14)?
-6
Let c(k) = 4*k**2 + 18*k - 28. What is c(-6)?
8
Let k(d) = 7*d**2 - 4*d - 3. Determine k(-3).
72
Let x(y) = -2*y - 20. Give x(-13).
6
Let z(n) = -n**3 - 4*n**2 - 7*n - 13. Determine z(-5).
47
Let f(g) = -4*g**3 - 2*g + 1. Give f(-2).
37
Let u(c) = -c**3 + 11*c**2 - 10*c - 3. Give u(10).
-3
Let g(n) = -10*n**3 + n**2 + n + 1. Calculate g(-1).
11
Let j(o) = o**3 - 5*o**2 + 8*o - 3. Give j(4).
13
Let p(y) = 3*y - 12. Determine p(5).
3
Let q(i) = -12*i**3 + i**2 - 3*i + 2. What is q(1)?
-12
Let l(r) = r**3 - 7*r**2 + 5*r - 9. Calculate l(6).
-15
Let v(f) = -136*f + 2035. Determine v(15).
-5
Let l(j) = -2*j**2 + 4. Give l(3).
-14
Let g(x) = x**3 - 6*x**2 - x. Give g(6).
-6
Let u(d) = -d**2 + 14*d - 35. Give u(10).
5
Let s(t) = -t**3 - 21*t**2 + 49*t + 72. Give s(-23).
3
Let m(k) = 8*k + 57. Calculate m(-14).
-55
Let y(o) = o**3 - 6*o**2 - 7*o + 1. Give y(7).
1
Let s(v) = -v**2 - 53*v - 190. Calculate s(-4).
6
Let d(a) = a**3 - 24*a**2 + 22*a + 6. Calculate d(23).
-17
Let t(c) = c**3 + 9*c**2 + 18*c + 21. Determine t(-7).
-7
Let t(i) = -3*i**3 - 18*i**2 + 1. What is t(-5)?
-74
Let u(k) = k**3 + 13*k**2 + 12*k + 5. Give u(-12).
5
Let c(l) = l - 10. Give c(2).
-8
Let b(t) = 16*t - 98. Calculate b(7).
14
Let l(y) = y**3 + 8*y**2 - 9*y + 14. Give l(-9).
14
Let s(a) = a**3 + 5*a**2 - 5*a - 10. Determine s(-6).
-16
Let f(b) = 4*b - 3. Determine f(-4).
-19
Let c(q) = q**3 - 11*q**2 - 16*q + 44. Give c(12).
-4
Let d(s) = s + 3. Calculate d(-3).
0
Let h(g) = -4*g**2 - 5*g - 3. What is h(-3)?
-24
Let r(n) = -n**3 + 2*n**2 + 2*n - 3. Calculate r(3).
-6
Let b(z) = -z**3 + 10*z**2 - 12*z - 37. Determine b(8).
-5
Let i(r) = -r**3 + 3*r**2 - r - 1. Calculate i(3).
-4
Let s(v) = 2*v**3 + 12*v**2 - v - 14. Give s(-6).
-8
Let l(s) = s**2 - 5*s - 16. What is l(-3)?
8
Let b(d) = -d**2 - 4*d + 9. What is b(-5)?
4
Let g(i) = -i**2 - 12*i - 8. What is g(-9)?
19
Let b(k) = -21*k - 2. Give b(-1).
19
Let g(y) = 3*y - 1. Calculate g(-6).
-19
Let d(c) = c**2 - 5*c + 3. Determine d(8).
27
Let d(s) = -s**3 - 4*s**2 + 24*s + 91. Calculate d(-5).
-4
Let v(z) = -z**3 - 4*z**2 + 5*z - 1. Give v(-4).
-21
Let c(g) = -g - 26. Determine c(-18).
-8
Let f(j) = 9*j - 153. Calculate f(17).
0
Let c(h) = -6*h + 53. Determine c(8).
5
Let c(d) = -d + 15. Determine c(18).
-3
Let t(w) = -w**2 - 66*w + 74. Calculate t(-67).
7
Let c(i) = 44*i + 59. Calculate c(-2).
-29
Let q(u) = -u**3 - 11*u**2 - 20*u - 20. Determine q(-9).
-2
Let f(i) = -7*i + 4. Give f(6).
-38
Let y(g) = -g - 10. Determine y(0).
-10
Let t(o) = o**2 + 19*o - 12. Determine t(-19).
-12
Let l(f) = -7*f + 12. Determine l(-9).
75
Let q(s) = -10*s + 20. Calculate q(4).
-20
Let j(f) = f - 12. Calculate j(12).
0
Let t(i) = i**3 - 8*i**2 + 6*i - 4. Give t(7).
-11
Let k(g) = -g**2 - 2*g - 2. Give k(0).
-2
Let n(p) = p**3 + 5*p**2 - 4*p + 2. Determine n(-6).
-10
Let p(n) = -n**2 + 3*n - 1. Give p(-3).
-19
Let f(y) = 103*y + 106. Determine f(-1).
3
Let x(z) = -z**2 + 2*z + 98. Give x(-9).
-1
Let m(t) = 3*t + 11. Give m(-8).
-13
Let y(w) = -w**3 - 8*w**2 + 15*w + 25. Give y(-9).
-29
Let a(z) = 2*z - 1. Calculate a(9).
17
Let f(d) = d**3 + 9*d**2 - 11*d + 11. Calculate f(-10).
21
Let r(o) = 5*o + 48. Calculate r(-16).
-32
Let x(q) = -19*q - 64. What is x(-3)?
-7
Let x(p) = -p**2 + 19*p + 7. Give x(6).
85
Let r(k) = 51*k - 90. Calculate r(2).
12
Let i(w) = w**2 + 10*w + 6. Give i(-8).
-10
Let n(l) = 5*l**3 + 5*l**2 + 4*l + 10. Calculate n(-3).
-92
Let u(q) = -3*q + 3. Determine u(1).
0
Let g(r) = 3*r**2 + 2*r + 2. Calculate g(-1).
3
Let b(w) = w**2 + 22*w - 55. Calculate b(-24).
-7
Let j(n) = 2*n**3 - 5*n**2 - 12*n + 10. Give j(4).
10
Let f(d) = -24*d - 3. Determine f(-1).
21
Let d(r) = -37*r**2 - 2*r + 2. Calculate d(1).
-37
Let l(v) = v**2 - 11*v - 35. Calculate l(-3).
7
Let a(k) = -18*k + 4. What is a(-3)?
58
Let u(z) = 4*z**2 + 12*z + 8. Give u(-6).
80
Let p(y) = y**3 - 6*y**2 + y + 2. Give p(6).
8
Let o(g) = g**3 - 5*g**2 + 6*g - 5. Determine o(5).
25
Let z(w) = 2*w**3 - 4*w**2 + 41*w - 76. Calculate z(2).
6
Let d(r) = -r + 3. Determine d(-9).
12
Let g(c) = -c**3 + 7*c**2 + 3*c. Give g(7).
21
Let s(t) = t - 1. Determine s(-11).
-12
Let w(z) = z**3 + 4*z**2 - 4*z + 5. Determine w(-5).
0
Let u(f) = f**3 - 47*f**2 - 44*f - 195. Give u(48).
-3
Let u(i) = -45*i + 27. Determine u(1).
-18
Let k(m) = m**2 - 10*m - 146. Determine k(18).
-2
Let l(p) = -16*p - 38. Give l(-5).
42
Let q(h) = -h**3 + 3*h**2 + h + 4. Give q(4).
-8
Let m(u) = u + 12. Give m(-15).
-3
Let i(x) = -3*x**3 + x**2 + 2*x + 2. What is i(-1)?
4
Let o(m) = -m**3 + 7*m**2 + 2*m + 3. Determine o(4).
59
Let z(f) = -33*f + 10. What is z(1)?
-23
Let a(z) = -z**2 - 4*z + 1. Determine a(-3).
4
Let u(i) = -4*i**2 - 16*i + 42. Calculate u(2).
-6
Let w(m) = -3*m - 22. Calculate w(-8).
2
Let i(l) = l + 16. What is i(-7)?
9
Let x(o) =